{"id":256,"date":"2012-04-27T11:03:39","date_gmt":"2012-04-27T11:03:39","guid":{"rendered":"http:\/\/www.angela-martin.eu\/wp\/?page_id=256"},"modified":"2026-03-25T10:41:35","modified_gmt":"2026-03-25T10:41:35","slug":"aktuelles","status":"publish","type":"page","link":"http:\/\/www.angela-martin.eu\/?page_id=256","title":{"rendered":"Aktuelles"},"content":{"rendered":"<p><img decoding=\"async\" class=\"size-medium wp-image-511 alignleft\" src=\"http:\/\/www.angela-martin.eu\/wp\/wp-content\/uploads\/2021\/10\/mokka-efti-logo-300x75.png\" alt=\"mokka efti logo\" width=\"250\" srcset=\"http:\/\/www.angela-martin.eu\/wp\/wp-content\/uploads\/2021\/10\/mokka-efti-logo-300x75.png 300w, http:\/\/www.angela-martin.eu\/wp\/wp-content\/uploads\/2021\/10\/mokka-efti-logo.png 561w\" sizes=\"(max-width: 300px) 100vw, 300px\" \/><\/p>\n<p style=\"text-align: left;\">&nbsp;<\/p>\n<h3 style=\"text-align: left;\">&nbsp;<br \/>\nKaffee, Jazz und Politik<\/h3>\n<p><strong>Ein Buch \u00fcber zwei ber\u00fchmte Caf\u00e9s im Berlin der 1920er bis 1940er Jahre<\/strong><\/p>\n<p>Seit der TV-Serie Babylon Berlin ist das Caf\u00e9 Moka Efti wieder in aller Munde. Das echte Moka Efti, ein Vergn\u00fcgungspalast mit 3000 Pl\u00e4tzen, wurde 1929 in bester Lage in der Friedrichstra\u00dfe er\u00f6ffnet und war bald nach seiner Gr\u00fcndung weit \u00fcber die Stadtgrenzen hinaus bekannt. Mitte der 1930er Jahre er\u00f6ffnete ein weiteres Caf\u00e9 Moka Efti im Bezirk Tiergarten.<\/p>\n<p>Das Buch thematisiert ausgehend von der Geschichte dieser Kaffeeh\u00e4user und ihres Gr\u00fcnders Giovanni Eftimiades eine der wechselvollsten und widerspr\u00fcchlichsten Epochen der Berliner Stadtgeschichte w\u00e4hrend der Weimarer Republik und des Nationalsozialismus. Es soll 2027 erscheinen.<\/p>\n<p>Fotos, Zeitungsberichte und Erinnerungen von Zeitzeug:innen wie Willy Brandt oder Siegfried Kracauer, die die Moka Efti-Kaffeeh\u00e4user kannten, vermitteln die Atmosph\u00e4re in Berlin. Ein Interview mit dem Swing-Kenner Stefan Wuthe informiert \u00fcber die Musikszene der Zeit. Private Fotos und Dokumente geben Auskunft \u00fcber Giovanni Eftimiades (1886-1958), der in Berlin zun\u00e4chst eine Kaffeer\u00f6sterei gr\u00fcndete. Er war ein ideenreicher, international vernetzter Kaufmann, der auch engere Kontakte zur SA nicht scheute. Doch nicht immer waren seine Gesch\u00e4fte erfolgreich; zudem setzten die Weltwirtschaftskrise und der Zweite Weltkrieg ihm zu. 1943 mussten beide Kaffeeh\u00e4user schlie\u00dfen.<\/p>\n","protected":false},"excerpt":{"rendered":"<p>&nbsp; &nbsp; Kaffee, Jazz und Politik Ein Buch \u00fcber zwei ber\u00fchmte Caf\u00e9s im Berlin der 1920er bis 1940er Jahre Seit der TV-Serie Babylon Berlin ist das Caf\u00e9 Moka Efti wieder in aller Munde. Das echte Moka Efti, ein Vergn\u00fcgungspalast mit &hellip; <a href=\"http:\/\/www.angela-martin.eu\/?page_id=256\">Weiterlesen <span class=\"meta-nav\">&rarr;<\/span><\/a><\/p>\n","protected":false},"author":2,"featured_media":0,"parent":0,"menu_order":0,"comment_status":"closed","ping_status":"closed","template":"","meta":{"ngg_post_thumbnail":0},"_links":{"self":[{"href":"http:\/\/www.angela-martin.eu\/index.php?rest_route=\/wp\/v2\/pages\/256"}],"collection":[{"href":"http:\/\/www.angela-martin.eu\/index.php?rest_route=\/wp\/v2\/pages"}],"about":[{"href":"http:\/\/www.angela-martin.eu\/index.php?rest_route=\/wp\/v2\/types\/page"}],"author":[{"embeddable":true,"href":"http:\/\/www.angela-martin.eu\/index.php?rest_route=\/wp\/v2\/users\/2"}],"replies":[{"embeddable":true,"href":"http:\/\/www.angela-martin.eu\/index.php?rest_route=%2Fwp%2Fv2%2Fcomments&post=256"}],"version-history":[{"count":63,"href":"http:\/\/www.angela-martin.eu\/index.php?rest_route=\/wp\/v2\/pages\/256\/revisions"}],"predecessor-version":[{"id":718,"href":"http:\/\/www.angela-martin.eu\/index.php?rest_route=\/wp\/v2\/pages\/256\/revisions\/718"}],"wp:attachment":[{"href":"http:\/\/www.angela-martin.eu\/index.php?rest_route=%2Fwp%2Fv2%2Fmedia&parent=256"}],"curies":[{"name":"wp","href":"https:\/\/api.w.org\/{rel}","templated":true}]}}